ose i = 20 - 3. Let x(v) = 5*v - 7*v**2 + 3*v**2 - 3 + i*v**3 - 16*v**3. What is the units digit of x(3)?
3
Suppose 2*g + 24 = -4*j, 0 = -4*j + 5*g - 0 - 52. Let a(p) = p - 7. Let w(y) = 2*y - 7. Let m(s) = 7*a(s) - 6*w(s). What is the tens digit of m(j)?
3
Let p(n) = -2*n + 3. Let s be p(-1). Suppose 135 = -s*j + 765. What is the tens digit of j?
2
Let r = 673 - -257. What is the hundreds digit of r?
9
What is the units digit of -4 + (-1919)/(-4) + (-18)/24?
5
Let d = 18 - 0. Let a = d - 2. What is the tens digit of a?
1
Let u(x) = 6*x**2 - 16*x + 5. What is the hundreds digit of u(-8)?
5
Suppose f + 435 - 3904 = 0. What is the thousands digit of f?
3
Let c be 10/(-6)*9/(-1). Let v be -5*(2 + (-117)/c). Suppose 37 + v = 3*b. What is the tens digit of b?
2
Let u(m) = 2*m**2 - 28*m + 6. Suppose g = 6*g - 80. What is the units digit of u(g)?
0
Let a be 1*(12/4 - 3). Suppose a*u - 5*u - 5 = 0. What is the units digit of 135/36 - u/4?
4
What is the hundreds digit of (-1)/((24/9618)/(-4))?
6
Let k be 22/(-4) + 3/(-6). Let x = 248 - 250. What is the tens digit of ((-840)/(-45))/(x/k)?
5
Suppose -16*z + 14*z + 502 = 0. Suppose -l - z = -2*o, 510 = 5*o - l - 122. What is the hundreds digit of o?
1
Suppose -5*t + 2*j + 992 = 0, 3*t + 5*j - 244 - 376 = 0. What is the hundreds digit of t?
2
Suppose -2264 = -4*d + 4*v, 0*d - 4*v = 2*d - 1120. What is the tens digit of d?
6
Suppose 13890 + 6685 = 25*g. What is the tens digit of g?
2
Let t(g) = 197*g**3 - 6*g**2 - 8. What is the tens digit of t(3)?
5
Let q(s) be the second derivative of -s**5/20 - 3*s**4/4 + 17*s**2/2 - 12*s. What is the tens digit of q(-9)?
1
Suppose 0 = -95*p + 96*p + 3*b - 569, -2*p - 4*b = -1130. What is the hundreds digit of p?
5
Let j(p) = 7 + 3*p - p**3 + 4*p**2 + 2*p - 5*p - 5*p. Let c be j(3). Suppose -x = -c, -x - 3*x - 9 = -g. What is the tens digit of g?
1
Let q = 101 + -86. Let h = q - -54. What is the tens digit of h?
6
Let h(y) = y**2 - 3 - 3*y**2 + y**2 + 7*y + 2. Let u be h(6). Suppose -u*q = m + m - 94, q = 2*m - 70. What is the units digit of m?
7
Suppose -2*r - 2 = -6. Suppose 10 = r*w - 0*c - 5*c, 4*w + 5*c + 10 = 0. Let k = 17 + w. What is the tens digit of k?
1
Let c = 150 - 10. Let t be 2 - 1 - -1*c. Suppose -5*s + t + 44 = 2*y, -5*s = -4*y - 155. What is the units digit of s?
5
Suppose 86*b - 34*b - 55120 = 0. What is the units digit of b?
0
Suppose 2*l = 6*l - 3*x + 26, 18 = -2*l + 4*x. Let c(m) = m + 15. Let u be c(-10). What is the units digit of u/2*(-3 - l)?
5
Let u(k) = -k**2 + 10*k + 14. Let o be u(10). Suppose 0 = 4*d - o - 6. Suppose -d*y + 36 = -29. What is the units digit of y?
3
Let i = 3226 - 1201. What is the thousands digit of i?
2
Let n(z) = -3*z**2 + 148*z + 100. What is the tens digit of n(43)?
1
Let h be (2 + 0)*42/(-4). Let c be 10/3 - 14/h. Suppose -c*s + 37 = -3*g, -4 = -5*s + g + 45. What is the units digit of s?
0
What is the hundreds digit of (-4038)/4*-3*90/81?
3
Let l(z) be the second derivative of -z**3/6 - 3*z. Let a be l(-3). Suppose -4*b + 0*s = -s - 91, -a*b = -3*s - 66. What is the units digit of b?
3
What is the tens digit of ((-18)/(-45))/((3/(-3910))/(-3))?
6
Let c = 1516 - 441. What is the units digit of c?
5
Let p(v) = -46*v**2 + v - 6*v - 6 + 47*v**2 + 2. Suppose 3*s + 2*s - 7 = 2*x, -5*s = -25. What is the tens digit of p(x)?
3
Let z(r) = -3*r + 965. What is the hundreds digit of z(0)?
9
Suppose -604 = -5*h - 54. What is the tens digit of h?
1
Let f(d) = 3*d**2 + 47*d - 28. What is the tens digit of f(20)?
1
Let u(i) = -i**3 - 5*i**2 + 6*i + 3. Let z be u(-6). Suppose -z*d - 27 = -4*d. What is the units digit of d?
7
What is the thousands digit of -1099*(-8)/((-16)/(-2))?
1
Suppose -2821 = 14*o - o. Let t = -82 - o. What is the units digit of t?
5
Let k(f) = -2*f - 5. Let l = -12 + 15. Suppose -5*n = h - 0*n - l, h = -2*n - 3. What is the units digit of k(h)?
9
Let t be 93/19 - 10/(-95). Let a(n) = 3*n**3 - 15*n**2 + 6*n - 13. What is the units digit of a(t)?
7
Suppose 0 = 5*k - 5*r - 430, -k + 2*r + 342 = 3*k. Let h = -43 + k. What is the tens digit of h?
4
Let p = -2313 - -3327. What is the thousands digit of p?
1
Let g = 2545 - -554. What is the units digit of g?
9
Let l = -97 - -38. Let j = 194 + l. What is the tens digit of j?
3
Let d(l) = 2*l + 32. Let a be d(-16). Suppose y = -3*q + 114, 4*q - 153 = -a*q - y. What is the units digit of q?
9
Let w = 9 + -6. Suppose 5*x + 4*d = w, -5*d - 2 = 3*x + 4. Suppose x*u + 148 = 7*u. What is the units digit of u?
7
Let g = -13 + 70. What is the units digit of g?
7
Suppose 2*a - r - 200 = 0, -3*a + 60 + 247 = -5*r. Suppose s - 4*s = -a. What is the units digit of s?
3
Let p(l) = 6*l + l**3 + 4*l**2 - l**3 - l**3. What is the units digit of p(-4)?
4
Let p(w) = w**2 + 3. Let h = 0 + 5. What is the tens digit of p(h)?
2
Let z(s) = -s**2 + s + 6. Suppose 3*g - 3*f - 7 = 29, -3*f = 3*g - 24. Let p be z(g). Let b = -39 - p. What is the units digit of b?
5
Let p(o) = -71*o - 168. What is the hundreds digit of p(-5)?
1
Let l = 2 - -3. Suppose -l*u = -9*u + 24. What is the units digit of u?
6
What is the tens digit of 12372/9 + 24/(-36)?
7
Let o(f) = f - 2 + 6*f + 4*f + 2*f. What is the units digit of o(15)?
3
Let f = -16 - -7. What is the tens digit of (50/(-3))/(3/f)?
5
What is the tens digit of -1 - 2415*24/(-18)?
1
What is the tens digit of ((-1608)/7)/((-10)/35)?
0
Let b(l) = -l + 2. Let c be b(-2). Suppose 18*f - c = 16*f. Let d(x) = 2*x**2 + 3*x - 3. What is the units digit of d(f)?
1
Suppose 9 = -2*a - a, 0 = -2*z + 4*a + 48. What is the units digit of (91/(-14))/((-1)/z)?
7
Suppose 0 = -4*q + 4*s + 20, -3*q - 3*s + 19 = -8*s. Suppose -391 = -q*n - n + v, 2*v - 505 = -5*n. What is the tens digit of n?
9
Suppose l + 15 = 6*l, -4*m + 3*l = -23. Let d be -2 + 6 - m - 22. What is the units digit of 3 + 1 + (4 - d)?
4
What is the tens digit of 2*6/(-12)*-526?
2
What is the hundreds digit of (185/40*-62)/(2/(-8))?
1
Let a(g) = -111*g + 313. What is the hundreds digit of a(-10)?
4
Let d = -751 + 1387. Suppose -4*j + 6*j = -v + 146, 5*j = 4*v - d. What is the tens digit of v?
5
Suppose -4*q + x = -0*q + 40, 0 = -4*x. Let g = q + 10. What is the tens digit of g + -1 + 15 + 3?
1
Let v = 90 - 116. Let n = v - -158. What is the units digit of n?
2
Let z = 541 + -386. What is the units digit of z?
5
Let y = -1 + 38. Suppose -2*s + s - 4*q = -26, 2*s + 5*q = y. Let l(u) = 2*u**2 - 6*u + 9. What is the tens digit of l(s)?
4
Suppose -5*m = 6*r - 12776, -4*r + 8520 = 3*m + m. What is the tens digit of r?
2
Suppose -2*u = u - 21. Let i(s) = -s**3 + 5*s - 3 + u*s**2 - 2*s - 4 + 0*s. What is the units digit of i(7)?
4
Suppose 4*x = -4*m + 1732, -3*m = -2*x - 7*m + 876. What is the tens digit of x?
2
Suppose 0 = 5*i - 2*t - 445, -i + 14*t = 18*t - 67. What is the units digit of i?
7
Let x(l) = -l**2 - 5*l + 12. Let v be x(-7). Let p be v/3*-3 - 12. Let y = p + 15. What is the units digit of y?
5
Suppose 5*h - 116 = g, -3*g + 3*h - 412 = 4*h. Let m = g + 232. What is the tens digit of m?
9
Let x(z) = -148*z**2 + z. Let l(p) = -p**2. Let n(t) = 4*l(t) - x(t). What is the hundreds digit of n(-1)?
1
Let a(j) = 1824*j + 12. What is the tens digit of a(1)?
3
Let s be (-6 - -5)*(-4 - (2 + -3)). Suppose -5*g + s*g - 356 = -3*t, 3*g - 15 = 0. What is the tens digit of t?
2
Suppose -5530 - 14190 = -5*s. What is the units digit of s?
4
Suppose -b = -2*a, 3*b + 3*a + 4 = 13. What is the units digit of -1 - (-3 + (-83)/b)*2?
8
Suppose a - 294 = -q, -a - a - 3*q + 586 = 0. What is the units digit of a?
6
Suppose -3*k - 2*a + 127 = 0, -2*a - 3*a + 70 = 2*k. What is the tens digit of 3185/k - (-4)/18?
7
Let n = -66 - -70. Suppose 4*s - 585 = d, 5*s + n*d = s + 560. What is the units digit of s?
5
Let v(w) = -2*w + 3. Let t(d) = -7*d + 10. Let m(a) = -3*t(a) + 8*v(a). Let b be m(4). Suppose b*p = 6*p + 272. What is the tens digit of p?
3
What is the tens digit of (-4)/(5240/(-1744) + 3)?
7
Let c(t) = -8 + t**2 - 10 - 11*t - 3 + 2. What is the tens digit of c(14)?
2
What is the tens digit of (13486/9)/2 + 62/(-279)?
4
Let g = 202 + 573. What is the units digit of g?
5
Let x(z) = -z**3 - 5*z**2 - 5*z + 4. Let s(q) = -q**2 + 14*q - 7. Let g be s(13). Suppose w + g = 2. What is the units digit of x(w)?
8
Let o be (717 